{"id":711,"date":"2018-06-28T07:50:54","date_gmt":"2018-06-28T05:50:54","guid":{"rendered":"https:\/\/saintgermaindarce.com\/sg\/?page_id=711"},"modified":"2018-07-05T00:42:48","modified_gmt":"2018-07-04T22:42:48","slug":"logements-locatif","status":"publish","type":"page","link":"https:\/\/saintgermaindarce.com\/sg\/logements-locatif\/","title":{"rendered":"Logements locatif"},"content":{"rendered":"<div id=\"pl-711\"  class=\"panel-layout\" ><div id=\"pg-711-0\"  class=\"panel-grid panel-no-style\" ><div id=\"pgc-711-0-0\"  class=\"panel-grid-cell\" ><div id=\"panel-711-0-0-0\" class=\"so-panel widget widget_sow-editor panel-first-child panel-last-child widgetopts-SO\" data-index=\"0\" ><div\n\t\t\t\n\t\t\tclass=\"so-widget-sow-editor so-widget-sow-editor-base\"\n\t\t\t\n\t\t>\n<div class=\"siteorigin-widget-tinymce textwidget\">\n\t<\/div>\n<\/div><\/div><\/div><\/div><div id=\"pg-711-1\"  class=\"panel-grid panel-no-style\" ><div id=\"pgc-711-1-0\"  class=\"panel-grid-cell\" ><div id=\"panel-711-1-0-0\" class=\"so-panel widget widget_sow-editor panel-first-child panel-last-child widgetopts-SO\" data-index=\"1\" ><div\n\t\t\t\n\t\t\tclass=\"so-widget-sow-editor so-widget-sow-editor-base\"\n\t\t\t\n\t\t>\n<div class=\"siteorigin-widget-tinymce textwidget\">\n\t<div id=\"pg-360-1\" class=\"panel-grid\">\n<div id=\"pgc-360-1-0\" class=\"panel-grid-cell\">\n<div id=\"panel-360-1-0-0\" class=\"so-panel widget widget_black-studio-tinymce widget_black_studio_tinymce panel-first-child panel-last-child\" data-index=\"1\">\n<div class=\"textwidget\">\n<h3><strong>Logements locatifs<br \/>\n<\/strong><\/h3>\n<div>Les logements communaux, appartiennent \u00e0 la commune et ils sont destin\u00e9s \u00e0 \u00eatre lou\u00e9<\/div><div>aux m\u00e9nages dont les revenus\u00a0 ne d\u00e9passent pas certains plafonds.<\/div><div><\/div><div>Ces logements peuvent \u00eatre issu de constructions neuves comme d\u2019<\/div><div>acquisition et r\u00e9habilitation de b\u00e2timents anciens. Ils peuvent prendre la forme<\/div><div>de logements individuel ou bien encore d'immeubles collectif.<\/div>\n<\/div>\n<\/div><div><\/div><div id=\"panel-360-1-0-0\" class=\"so-panel widget widget_black-studio-tinymce widget_black_studio_tinymce panel-first-child panel-last-child\" data-index=\"1\">\n<div>Nous disposons sur la commune d'un parc de 5 logements sociaux.<\/div><div><\/div>\n<\/div>\n<\/div>\n<\/div><div id=\"pg-360-2\" class=\"panel-grid\">\n<div id=\"pgc-360-2-0\" class=\"panel-grid-cell\">\n<div id=\"panel-360-2-0-0\" class=\"so-panel widget widget_black-studio-tinymce widget_black_studio_tinymce panel-first-child panel-last-child\" data-index=\"2\">\n<div class=\"textwidget\">\n<p>Pour plus d\u2019information, veuillez contacter <a href=\"https:\/\/saintgermaindarce.com\/sg\/contact\/\">le secr\u00e9tariat de Mairie<\/a><\/p>\n<\/div>\n<\/div>\n<\/div>\n<\/div>\n<\/div>\n<\/div><\/div><\/div><\/div><\/div>","protected":false},"excerpt":{"rendered":"<p>Logements locatifs Les logements communaux, appartiennent \u00e0 la commune et ils sont destin\u00e9s \u00e0 \u00eatre lou\u00e9 aux m\u00e9nages dont les revenus\u00a0 ne d\u00e9passent pas certains plafonds. Ces logements peuvent \u00eatre issu de constructions neuves comme d\u2019 acquisition et r\u00e9habilitation de b\u00e2timents anciens. Ils peuvent prendre la forme de logements individuel ou bien encore d&rsquo;immeubles collectif&#8230;.<\/p>\n<div class=\"read-more\"><a href=\"https:\/\/saintgermaindarce.com\/sg\/logements-locatif\/\">Lire la suite<\/a><\/div>\n","protected":false},"author":1,"featured_media":0,"parent":0,"menu_order":0,"comment_status":"closed","ping_status":"closed","template":"","meta":{"footnotes":""},"class_list":["post-711","page","type-page","status-publish","hentry"],"yoast_head":"<!-- This site is optimized with the Yoast SEO plugin v27.5 - https:\/\/yoast.com\/product\/yoast-seo-wordpress\/ -->\n<title>Logements locatif - Mairie de Saint Germain d&#039;Arc\u00e9<\/title>\n<meta name=\"robots\" content=\"index, follow, max-snippet:-1, max-image-preview:large, max-video-preview:-1\" \/>\n<link rel=\"canonical\" href=\"https:\/\/saintgermaindarce.com\/sg\/logements-locatif\/\" \/>\n<meta name=\"twitter:card\" content=\"summary_large_image\" \/>\n<meta name=\"twitter:title\" content=\"Logements locatif - Mairie de Saint Germain d&#039;Arc\u00e9\" \/>\n<meta name=\"twitter:description\" content=\"Logements locatifs Les logements communaux, appartiennent \u00e0 la commune et ils sont destin\u00e9s \u00e0 \u00eatre lou\u00e9 aux m\u00e9nages dont les revenus\u00a0 ne d\u00e9passent pas certains plafonds. Ces logements peuvent \u00eatre issu de constructions neuves comme d\u2019 acquisition et r\u00e9habilitation de b\u00e2timents anciens. Ils peuvent prendre la forme de logements individuel ou bien encore d&#039;immeubles collectif....Lire la suite\" \/>\n<script type=\"application\/ld+json\" class=\"yoast-schema-graph\">{\"@context\":\"https:\\\/\\\/schema.org\",\"@graph\":[{\"@type\":\"WebPage\",\"@id\":\"https:\\\/\\\/saintgermaindarce.com\\\/sg\\\/logements-locatif\\\/\",\"url\":\"https:\\\/\\\/saintgermaindarce.com\\\/sg\\\/logements-locatif\\\/\",\"name\":\"Logements locatif - Mairie de Saint Germain d&#039;Arc\u00e9\",\"isPartOf\":{\"@id\":\"https:\\\/\\\/saintgermaindarce.com\\\/sg\\\/#website\"},\"datePublished\":\"2018-06-28T05:50:54+00:00\",\"dateModified\":\"2018-07-04T22:42:48+00:00\",\"breadcrumb\":{\"@id\":\"https:\\\/\\\/saintgermaindarce.com\\\/sg\\\/logements-locatif\\\/#breadcrumb\"},\"inLanguage\":\"fr-FR\",\"potentialAction\":[{\"@type\":\"ReadAction\",\"target\":[\"https:\\\/\\\/saintgermaindarce.com\\\/sg\\\/logements-locatif\\\/\"]}]},{\"@type\":\"BreadcrumbList\",\"@id\":\"https:\\\/\\\/saintgermaindarce.com\\\/sg\\\/logements-locatif\\\/#breadcrumb\",\"itemListElement\":[{\"@type\":\"ListItem\",\"position\":1,\"name\":\"Accueil\",\"item\":\"https:\\\/\\\/saintgermaindarce.com\\\/sg\\\/\"},{\"@type\":\"ListItem\",\"position\":2,\"name\":\"Logements locatif\"}]},{\"@type\":\"WebSite\",\"@id\":\"https:\\\/\\\/saintgermaindarce.com\\\/sg\\\/#website\",\"url\":\"https:\\\/\\\/saintgermaindarce.com\\\/sg\\\/\",\"name\":\"Mairie de Saint Germain d'Arc\u00e9\",\"description\":\"\",\"publisher\":{\"@id\":\"https:\\\/\\\/saintgermaindarce.com\\\/sg\\\/#\\\/schema\\\/person\\\/93511b19cadd37cf2a6e92b3df7f79ec\"},\"potentialAction\":[{\"@type\":\"SearchAction\",\"target\":{\"@type\":\"EntryPoint\",\"urlTemplate\":\"https:\\\/\\\/saintgermaindarce.com\\\/sg\\\/?s={search_term_string}\"},\"query-input\":{\"@type\":\"PropertyValueSpecification\",\"valueRequired\":true,\"valueName\":\"search_term_string\"}}],\"inLanguage\":\"fr-FR\"},{\"@type\":[\"Person\",\"Organization\"],\"@id\":\"https:\\\/\\\/saintgermaindarce.com\\\/sg\\\/#\\\/schema\\\/person\\\/93511b19cadd37cf2a6e92b3df7f79ec\",\"name\":\"secretariat Mairie\",\"image\":{\"@type\":\"ImageObject\",\"inLanguage\":\"fr-FR\",\"@id\":\"https:\\\/\\\/secure.gravatar.com\\\/avatar\\\/f767471be6375bc48c47e01a87935108ce923ff3609476b1fd7fe905f23de8aa?s=96&d=mm&r=g\",\"url\":\"https:\\\/\\\/secure.gravatar.com\\\/avatar\\\/f767471be6375bc48c47e01a87935108ce923ff3609476b1fd7fe905f23de8aa?s=96&d=mm&r=g\",\"contentUrl\":\"https:\\\/\\\/secure.gravatar.com\\\/avatar\\\/f767471be6375bc48c47e01a87935108ce923ff3609476b1fd7fe905f23de8aa?s=96&d=mm&r=g\",\"caption\":\"secretariat Mairie\"},\"logo\":{\"@id\":\"https:\\\/\\\/secure.gravatar.com\\\/avatar\\\/f767471be6375bc48c47e01a87935108ce923ff3609476b1fd7fe905f23de8aa?s=96&d=mm&r=g\"}}]}<\/script>\n<!-- \/ Yoast SEO plugin. -->","yoast_head_json":{"title":"Logements locatif - Mairie de Saint Germain d&#039;Arc\u00e9","robots":{"index":"index","follow":"follow","max-snippet":"max-snippet:-1","max-image-preview":"max-image-preview:large","max-video-preview":"max-video-preview:-1"},"canonical":"https:\/\/saintgermaindarce.com\/sg\/logements-locatif\/","twitter_card":"summary_large_image","twitter_title":"Logements locatif - Mairie de Saint Germain d&#039;Arc\u00e9","twitter_description":"Logements locatifs Les logements communaux, appartiennent \u00e0 la commune et ils sont destin\u00e9s \u00e0 \u00eatre lou\u00e9 aux m\u00e9nages dont les revenus\u00a0 ne d\u00e9passent pas certains plafonds. Ces logements peuvent \u00eatre issu de constructions neuves comme d\u2019 acquisition et r\u00e9habilitation de b\u00e2timents anciens. Ils peuvent prendre la forme de logements individuel ou bien encore d'immeubles collectif....Lire la suite","schema":{"@context":"https:\/\/schema.org","@graph":[{"@type":"WebPage","@id":"https:\/\/saintgermaindarce.com\/sg\/logements-locatif\/","url":"https:\/\/saintgermaindarce.com\/sg\/logements-locatif\/","name":"Logements locatif - Mairie de Saint Germain d&#039;Arc\u00e9","isPartOf":{"@id":"https:\/\/saintgermaindarce.com\/sg\/#website"},"datePublished":"2018-06-28T05:50:54+00:00","dateModified":"2018-07-04T22:42:48+00:00","breadcrumb":{"@id":"https:\/\/saintgermaindarce.com\/sg\/logements-locatif\/#breadcrumb"},"inLanguage":"fr-FR","potentialAction":[{"@type":"ReadAction","target":["https:\/\/saintgermaindarce.com\/sg\/logements-locatif\/"]}]},{"@type":"BreadcrumbList","@id":"https:\/\/saintgermaindarce.com\/sg\/logements-locatif\/#breadcrumb","itemListElement":[{"@type":"ListItem","position":1,"name":"Accueil","item":"https:\/\/saintgermaindarce.com\/sg\/"},{"@type":"ListItem","position":2,"name":"Logements locatif"}]},{"@type":"WebSite","@id":"https:\/\/saintgermaindarce.com\/sg\/#website","url":"https:\/\/saintgermaindarce.com\/sg\/","name":"Mairie de Saint Germain d'Arc\u00e9","description":"","publisher":{"@id":"https:\/\/saintgermaindarce.com\/sg\/#\/schema\/person\/93511b19cadd37cf2a6e92b3df7f79ec"},"potentialAction":[{"@type":"SearchAction","target":{"@type":"EntryPoint","urlTemplate":"https:\/\/saintgermaindarce.com\/sg\/?s={search_term_string}"},"query-input":{"@type":"PropertyValueSpecification","valueRequired":true,"valueName":"search_term_string"}}],"inLanguage":"fr-FR"},{"@type":["Person","Organization"],"@id":"https:\/\/saintgermaindarce.com\/sg\/#\/schema\/person\/93511b19cadd37cf2a6e92b3df7f79ec","name":"secretariat Mairie","image":{"@type":"ImageObject","inLanguage":"fr-FR","@id":"https:\/\/secure.gravatar.com\/avatar\/f767471be6375bc48c47e01a87935108ce923ff3609476b1fd7fe905f23de8aa?s=96&d=mm&r=g","url":"https:\/\/secure.gravatar.com\/avatar\/f767471be6375bc48c47e01a87935108ce923ff3609476b1fd7fe905f23de8aa?s=96&d=mm&r=g","contentUrl":"https:\/\/secure.gravatar.com\/avatar\/f767471be6375bc48c47e01a87935108ce923ff3609476b1fd7fe905f23de8aa?s=96&d=mm&r=g","caption":"secretariat Mairie"},"logo":{"@id":"https:\/\/secure.gravatar.com\/avatar\/f767471be6375bc48c47e01a87935108ce923ff3609476b1fd7fe905f23de8aa?s=96&d=mm&r=g"}}]}},"_links":{"self":[{"href":"https:\/\/saintgermaindarce.com\/sg\/wp-json\/wp\/v2\/pages\/711","targetHints":{"allow":["GET"]}}],"collection":[{"href":"https:\/\/saintgermaindarce.com\/sg\/wp-json\/wp\/v2\/pages"}],"about":[{"href":"https:\/\/saintgermaindarce.com\/sg\/wp-json\/wp\/v2\/types\/page"}],"author":[{"embeddable":true,"href":"https:\/\/saintgermaindarce.com\/sg\/wp-json\/wp\/v2\/users\/1"}],"replies":[{"embeddable":true,"href":"https:\/\/saintgermaindarce.com\/sg\/wp-json\/wp\/v2\/comments?post=711"}],"version-history":[{"count":0,"href":"https:\/\/saintgermaindarce.com\/sg\/wp-json\/wp\/v2\/pages\/711\/revisions"}],"wp:attachment":[{"href":"https:\/\/saintgermaindarce.com\/sg\/wp-json\/wp\/v2\/media?parent=711"}],"curies":[{"name":"wp","href":"https:\/\/api.w.org\/{rel}","templated":true}]}}

<div id="pl-711"  class="panel-layout" ><div id="pg-711-0"  class="panel-grid panel-no-style" ><div id="pgc-711-0-0"  class="panel-grid-cell" ><div id="panel-711-0-0-0" class="so-panel widget widget_sow-editor panel-first-child panel-last-child widgetopts-SO" data-index="0" ><div
			
			class="so-widget-sow-editor so-widget-sow-editor-base"
			
		>
<div class="siteorigin-widget-tinymce textwidget">
	</div>
</div></div></div></div><div id="pg-711-1"  class="panel-grid panel-no-style" ><div id="pgc-711-1-0"  class="panel-grid-cell" ><div id="panel-711-1-0-0" class="so-panel widget widget_sow-editor panel-first-child panel-last-child widgetopts-SO" data-index="1" ><div
			
			class="so-widget-sow-editor so-widget-sow-editor-base"
			
		>
<div class="siteorigin-widget-tinymce textwidget">
	<div id="pg-360-1" class="panel-grid">
<div id="pgc-360-1-0" class="panel-grid-cell">
<div id="panel-360-1-0-0" class="so-panel widget widget_black-studio-tinymce widget_black_studio_tinymce panel-first-child panel-last-child" data-index="1">
<div class="textwidget">
<h3><strong>Logements locatifs<br />
</strong></h3>
<div>Les logements communaux, appartiennent à la commune et ils sont destinés à être loué</div><div>aux ménages dont les revenus  ne dépassent pas certains plafonds.</div><div></div><div>Ces logements peuvent être issu de constructions neuves comme d’</div><div>acquisition et réhabilitation de bâtiments anciens. Ils peuvent prendre la forme</div><div>de logements individuel ou bien encore d'immeubles collectif.</div>
</div>
</div><div></div><div id="panel-360-1-0-0" class="so-panel widget widget_black-studio-tinymce widget_black_studio_tinymce panel-first-child panel-last-child" data-index="1">
<div>Nous disposons sur la commune d'un parc de 5 logements sociaux.</div><div></div>
</div>
</div>
</div><div id="pg-360-2" class="panel-grid">
<div id="pgc-360-2-0" class="panel-grid-cell">
<div id="panel-360-2-0-0" class="so-panel widget widget_black-studio-tinymce widget_black_studio_tinymce panel-first-child panel-last-child" data-index="2">
<div class="textwidget">
<p>Pour plus d’information, veuillez contacter <a href="https://saintgermaindarce.com/sg/contact/">le secrétariat de Mairie</a></p>
</div>
</div>
</div>
</div>
</div>
</div></div></div></div></div>

<p>Logements locatifs Les logements communaux, appartiennent à la commune et ils sont destinés à être loué aux ménages dont les revenus  ne dépassent pas certains plafonds. Ces logements peuvent être issu de constructions neuves comme d’ acquisition et réhabilitation de bâtiments anciens. Ils peuvent prendre la forme de logements individuel ou bien encore d&rsquo;immeubles collectif&#8230;.</p>
<div class="read-more"><a href="https://saintgermaindarce.com/sg/logements-locatif/">Lire la suite</a></div>

<!-- This site is optimized with the Yoast SEO plugin v27.5 - https://yoast.com/product/yoast-seo-wordpress/ -->
<title>Logements locatif - Mairie de Saint Germain d&#039;Arcé</title>
<meta name="robots" content="index, follow, max-snippet:-1, max-image-preview:large, max-video-preview:-1" />
<link rel="canonical" href="https://saintgermaindarce.com/sg/logements-locatif/" />
<meta name="twitter:card" content="summary_large_image" />
<meta name="twitter:title" content="Logements locatif - Mairie de Saint Germain d&#039;Arcé" />
<meta name="twitter:description" content="Logements locatifs Les logements communaux, appartiennent à la commune et ils sont destinés à être loué aux ménages dont les revenus  ne dépassent pas certains plafonds. Ces logements peuvent être issu de constructions neuves comme d’ acquisition et réhabilitation de bâtiments anciens. Ils peuvent prendre la forme de logements individuel ou bien encore d&#039;immeubles collectif....Lire la suite" />
<script type="application/ld+json" class="yoast-schema-graph">{"@context":"https:\/\/schema.org","@graph":[{"@type":"WebPage","@id":"https:\/\/saintgermaindarce.com\/sg\/logements-locatif\/","url":"https:\/\/saintgermaindarce.com\/sg\/logements-locatif\/","name":"Logements locatif - Mairie de Saint Germain d&#039;Arcé","isPartOf":{"@id":"https:\/\/saintgermaindarce.com\/sg\/#website"},"datePublished":"2018-06-28T05:50:54+00:00","dateModified":"2018-07-04T22:42:48+00:00","breadcrumb":{"@id":"https:\/\/saintgermaindarce.com\/sg\/logements-locatif\/#breadcrumb"},"inLanguage":"fr-FR","potentialAction":[{"@type":"ReadAction","target":["https:\/\/saintgermaindarce.com\/sg\/logements-locatif\/"]}]},{"@type":"BreadcrumbList","@id":"https:\/\/saintgermaindarce.com\/sg\/logements-locatif\/#breadcrumb","itemListElement":[{"@type":"ListItem","position":1,"name":"Accueil","item":"https:\/\/saintgermaindarce.com\/sg\/"},{"@type":"ListItem","position":2,"name":"Logements locatif"}]},{"@type":"WebSite","@id":"https:\/\/saintgermaindarce.com\/sg\/#website","url":"https:\/\/saintgermaindarce.com\/sg\/","name":"Mairie de Saint Germain d'Arcé","description":"","publisher":{"@id":"https:\/\/saintgermaindarce.com\/sg\/#\/schema\/person\/93511b19cadd37cf2a6e92b3df7f79ec"},"potentialAction":[{"@type":"SearchAction","target":{"@type":"EntryPoint","urlTemplate":"https:\/\/saintgermaindarce.com\/sg\/?s={search_term_string}"},"query-input":{"@type":"PropertyValueSpecification","valueRequired":true,"valueName":"search_term_string"}}],"inLanguage":"fr-FR"},{"@type":["Person","Organization"],"@id":"https:\/\/saintgermaindarce.com\/sg\/#\/schema\/person\/93511b19cadd37cf2a6e92b3df7f79ec","name":"secretariat Mairie","image":{"@type":"ImageObject","inLanguage":"fr-FR","@id":"https:\/\/secure.gravatar.com\/avatar\/f767471be6375bc48c47e01a87935108ce923ff3609476b1fd7fe905f23de8aa?s=96&d=mm&r=g","url":"https:\/\/secure.gravatar.com\/avatar\/f767471be6375bc48c47e01a87935108ce923ff3609476b1fd7fe905f23de8aa?s=96&d=mm&r=g","contentUrl":"https:\/\/secure.gravatar.com\/avatar\/f767471be6375bc48c47e01a87935108ce923ff3609476b1fd7fe905f23de8aa?s=96&d=mm&r=g","caption":"secretariat Mairie"},"logo":{"@id":"https:\/\/secure.gravatar.com\/avatar\/f767471be6375bc48c47e01a87935108ce923ff3609476b1fd7fe905f23de8aa?s=96&d=mm&r=g"}}]}</script>
<!-- / Yoast SEO plugin. -->

Logements locatif - Mairie de Saint Germain d&#039;Arcé

Logements locatifs Les logements communaux, appartiennent à la commune et ils sont destinés à être loué aux ménages dont les revenus  ne dépassent pas certains plafonds. Ces logements peuvent être issu de constructions neuves comme d’ acquisition et réhabilitation de bâtiments anciens. Ils peuvent prendre la forme de logements individuel ou bien encore d'immeubles collectif....Lire la suite

Mairie de Saint Germain d'Arcé
